e remainder when j is divided by 121?
111
What is the remainder when 1116 is divided by 200/(-20) + (-13 - -63)?
36
Calculate the remainder when 142 - 2*(-6 + 8) is divided by 57.
24
Let u be ((-297)/(-36) + -8)*12/1. Suppose -5*t + 89 = 6*w - 2*w, -u*w + 5*t = -23. Calculate the remainder when 217 is divided by w.
9
Let m(t) = 262*t**2 - 1045*t + 6. Calculate the remainder when 3634 is divided by m(4).
16
Let t be (-12 - -11)*2/2. Let u(v) = 30*v**2 - 2*v. Let h = -391 + 548. What is the remainder when h is divided by u(t)?
29
Let k = -981 - -1123. What is the remainder when 486 is divided by k?
60
Let p(o) = 19*o**2 + 20*o + 71*o**3 + 4 + 1 - 72*o**3 - 1. What is the remainder when 11 is divided by p(20)?
3
Let w = 2252 - 1816. Calculate the remainder when w is divided by 49.
44
Suppose 3*y - 71 = t, 28*y - 24*y + 2*t = 108. Calculate the remainder when 138 is divided by y.
13
Suppose 12 = -2*r + n, 3*r - 4*n + n = -21. Let o(y) = 2*y**2 - y. What is the remainder when o(r) is divided by (4 + 3 + -4 + -4)*-29?
26
Let n(j) = -j**3 + 12*j**2 - 26*j + 40. What is the remainder when n(8) is divided by 15?
13
Let j(f) = -f**3 + f**2 + f + 1. Suppose 1977*y = 1981*y - 28. Suppose -29 = -y*r + 13. What is the remainder when j(-3) is divided by r?
4
Suppose h - 2*x = 85, 3*h + 273 = 6*h + 3*x. Let v = -41 + h. Suppose -g + v = 19. Calculate the remainder when g is divided by 5.
4
Suppose 0 = -16*b + 75 + 21. Suppose -76*p - 230 = -81*p. What is the remainder when p is divided by b?
4
Let n be (-654)/24*-4*(-2)/(-2). Let q = n + 193. What is the remainder when q is divided by 16?
14
Let b(d) = d**2 + d + 3. Let c be (16/56 - (-2)/(-7))*1. Suppose c = -19*g + 28*g - 99. What is the remainder when g is divided by b(0)?
2
Let b = -4 - -8. Calculate the remainder when (1 + -3)*(-2)/b is divided by 1 - 0/(-7 - -12).
0
Suppose 4*l - 1887 = -o, 9 = -41*o + 44*o. What is the remainder when l is divided by 8?
7
Let y(h) = 323*h - 2229. What is the remainder when 829 is divided by y(7)?
29
What is the remainder when 361 is divided by 44/(-33)*(-2 + 1142/(-8))?
168
Let k(o) = 9*o + 5*o**3 + o**3 + 6*o**2 - 4*o**3 - 3*o**3 + 10. Suppose 2*x + 2 = -0, n - x = 8. Calculate the remainder when k(n) is divided by 9.
6
Suppose 3*r + 3*i - 108 = 0, 524*r + 60 = 526*r - 4*i. What is the remainder when 266 is divided by r?
28
Let h = 2 + -271. Let a = -175 - h. What is the remainder when a is divided by 25?
19
Let c(k) = k**2 + 13*k - 2*k**2 + 35 + 18 - 7. What is the remainder when c(11) is divided by 20?
8
Suppose 0 = 8*m + 64860 - 65132. What is the remainder when 819 is divided by m?
3
Let i = 424 - 416. Let o(s) = s**2 + 2*s - 64. What is the remainder when 125 is divided by o(i)?
13
Let u = 119 + -57. Let k(p) = -3*p - 43. Let j be k(-14). Calculate the remainder when u is divided by ((j - -3) + (-7)/3)*-48.
14
Let w(o) = -108*o - 318. Calculate the remainder when w(-35) is divided by 55.
52
Let w(y) = 25*y**2 - 86*y - 321. What is the remainder when w(-4) is divided by 101?
19
What is the remainder when 290/14 - (68/(-119))/2 is divided by (3/6)/(3/36)?
3
Suppose 582*w - 600*w = -1746. What is the remainder when w is divided by 7?
6
Suppose -z + 41 = d, -3*d = -z + 60 - 3. Suppose -u = x + 30 - 479, -3*u - 1789 = -4*x. Calculate the remainder when x is divided by z.
43
Let t be 41*((-3)/(-1) + -2). Let w(g) = -g**3 - 7*g**2 - 2*g + 7. Let m be w(-7). Let o = t - m. Calculate the remainder when 138 is divided by o.
18
Let g be (-9 - -18)*6/(-4)*-18. Suppose 5*k + 4*p + 0*p - 405 = 0, g = 3*k + 4*p. What is the remainder when 322 is divided by k?
79
Let o(w) = -22*w**2 + 152*w + 41. Calculate the remainder when 82 is divided by o(7).
1
Let l(x) = 0*x + 15*x**2 + 3 + 3*x + 16*x**2 + 2*x**2. Calculate the remainder when (-647)/(-4) - (-11)/44 is divided by l(-1).
30
Let o = -179 + 220. Let c = 15 - 38. Calculate the remainder when o is divided by (-1)/1*(9 + c).
13
Suppose 3*t = 4*s - 299, 3*s + 73 - 296 = 2*t. Suppose 1032*a = 1058*a - 12870. What is the remainder when a is divided by s?
69
Let v = 2325 - 2280. Calculate the remainder when v is divided by 18.
9
Let i = 502 - 488. What is the remainder when 1985 is divided by i?
11
Let q(y) = 4*y - 83. Let d be q(20). Calculate the remainder when 59 is divided by 2/3 + (-94)/d.
27
Suppose -t + 39 = -31*r + 27*r, -5*t + 51 = 4*r. What is the remainder when 733 is divided by t?
13
Let g(i) = i**3 + 4*i**2 - 6*i - 5. Let y be g(-5). Suppose y = 6*f - 45 - 363. Suppose 7*j - 2 - f = 0. Calculate the remainder when j is divided by 3.
1
Suppose -v + 6 = 5, 2533 = 3*d + 4*v. What is the remainder when d is divided by 49?
10
Let t(n) = 2*n**2 + 23*n - 642. Calculate the remainder when t(20) is divided by 23.
20
Calculate the remainder when 677 is divided by 10/(-6)*(264/110)/(2/(-20)).
37
Let n(t) = -t**3 + 3*t**2 + 2*t - 1. Let v be n(3). Suppose -v*g = 4*b - 149, 2*g - 44 = 3*b + 34. What is the remainder when g is divided by 8?
1
Let x = 13458 + -13068. Calculate the remainder when x is divided by 218.
172
Let h(v) = -v**2 - 25*v + 68. Calculate the remainder when h(-22) is divided by 73.
61
Calculate the remainder when 118 is divided by (35/(-10))/((-1)/20) + -6.
54
Let a(k) = -k**3 - 27*k**2 + 28*k + 13. Suppose -26*u - 560 = -6*u. Calculate the remainder when a(u) is divided by 2.
1
Let j = -557 - -654. What is the remainder when 187 is divided by j?
90
Let l = -355 + 604. Calculate the remainder when l is divided by 4.
1
Suppose 25*s - 2292 = 7533. Let p = s - 220. What is the remainder when p is divided by 46?
35
Suppose 0 = 8*j + 3*u - 1442, 12*j - 2*u - 909 = 7*j. What is the remainder when 2347 is divided by j?
175
Let r = 135 + -131. Suppose -44 = -g - r*a, 3*g - 156 = -g + 4*a. What is the remainder when 359 is divided by g?
39
Suppose -4*l = -l - 5*v - 588, -3*l - 5*v + 618 = 0. Let k = 349 - l. What is the remainder when k is divided by 10?
8
Let i be (-21)/(-14)*(-16)/(-12). Suppose -3*v - h = -301, -h = -i*h + 1. What is the remainder when v is divided by 21?
16
Suppose -5*s - 1615 = 5*f - 1770, s - 4*f = -9. What is the remainder when 1530 is divided by s?
12
Suppose 4*f - 2*z = -f + 805, -5*f = 4*z - 805. Suppose -4*x = -84*g + 89*g - 137, -5*g + 5 = 0. Calculate the remainder when f is divided by x.
29
Let r = 659 + -668. Let s(h) = 4*h**2 + 6*h - 10 + h**3 + 0*h + 6*h**2. What is the remainder when 50 is divided by s(r)?
16
Calculate the remainder when 18716 is divided by 78*(-49 - -24)/(-25).
74
Suppose -290 = -4*h - 114. Suppose -2*b = -2*p - 1 - 33, -2*b - 3*p = -h. What is the remainder when 262 is divided by b?
15
Let d be ((-2)/4)/((-55)/660). Let b = 50 - -29. Calculate the remainder when b is divided by ((-8)/d)/(0 - 10/150).
19
Let b = -5844 - -5918. Suppose 0 = 2*h - 14 - 12. What is the remainder when b is divided by h?
9
Suppose 14*m - 8*m - 2592 = 0. Suppose 96 = -12*i + m. Let c = 68 + i. Calculate the remainder when c is divided by 34.
28
Let m(i) = 3*i + 105. Let d be m(-24). Suppose -32*o - 108 = -d*o. What is the remainder when o is divided by 28?
24
Let k(r) = -3*r**2 + 88*r + 26. Suppose 3*g + 64 = 2*l, -2*l - 4*g + g = -52. What is the remainder when k(l) is divided by 16?
7
Let c = 13371 + -13258. Calculate the remainder when 245 is divided by c.
19
Let q(p) = -p**3 + 10*p**2 - 8*p + 5. Let z be q(5). Let t = z + -76. Calculate the remainder when 458 is divided by t.
10
Let h(m) = m**3 - 25*m**2 - 25*m - 23. Let r be h(26). Suppose 4*b + r*x = 170, 166 = 3*b + b + x. Calculate the remainder when 47 is divided by b.
6
Suppose 6*y - 1189 = -1123. Suppose -2*x - 166 = -k, -3*k + 2*x + 513 = x. What is the remainder when k is divided by y?
7
Suppose 5*i + 973*j - 974*j - 307 = 0, 32 = i + 4*j. Suppose 0 = 4*d + 2*a + 32, -a = 5*d + 3*a + 46. What is the remainder when i is divided by d/(8/6 + -2)?
6
Let y = 863 + -394. Let p = -318 + y. What is the remainder when p is divided by 7?
4
Suppose 0 = 4*z + 8, 5*a + 4*z - z + 6 = 0. Suppose -9*c + 29 + 70 = a. Calculate the remainder when 51 is divided by c.
7
Calculate the remainder when ((-20)/2)/(1860/(-174282)) is divided by 52.
1
Let i(x) = 4*x**2 + 43*x - 31. Let d(s) = 3*s**2 + 43*s - 29. Let c(j) = 6*d(j) - 5*i(j). What is the rem